s of 6710980?
2, 5, 347, 967
What are the prime factors of 908146?
2, 167, 2719
List the prime factors of 319618.
2, 13, 19, 647
What are the prime factors of 120342?
2, 3, 31, 647
List the prime factors of 12492387.
3, 101, 509
What are the prime factors of 2330246?
2, 107, 10889
What are the prime factors of 6192852?
2, 3, 113, 4567
What are the prime factors of 292891?
229, 1279
List the prime factors of 267879.
3, 89293
What are the prime factors of 8474847?
3, 89, 31741
List the prime factors of 819684.
2, 3, 22769
List the prime factors of 4134643.
223, 18541
What are the prime factors of 85163?
13, 6551
List the prime factors of 8275679.
37, 223667
List the prime factors of 11154039.
3, 13, 286001
What are the prime factors of 41790?
2, 3, 5, 7, 199
List the prime factors of 596619.
3, 19, 1163
List the prime factors of 106681.
106681
What are the prime factors of 818786?
2, 19, 29, 743
List the prime factors of 37521.
3, 11, 379
List the prime factors of 499864.
2, 62483
List the prime factors of 1328831.
7, 47, 577
What are the prime factors of 250653?
3, 13, 6427
What are the prime factors of 779367?
3, 71, 3659
What are the prime factors of 506557?
617, 821
List the prime factors of 3019688.
2, 7, 53923
List the prime factors of 115475.
5, 31, 149
What are the prime factors of 805521?
3, 268507
List the prime factors of 3923087.
7, 23, 59
List the prime factors of 2786317.
17, 163901
What are the prime factors of 79006?
2, 39503
What are the prime factors of 7568585?
5, 1513717
List the prime factors of 1261488.
2, 3, 41, 641
What are the prime factors of 174150?
2, 3, 5, 43
List the prime factors of 2784881.
11, 409, 619
What are the prime factors of 1336758?
2, 3, 222793
List the prime factors of 1562955.
3, 5, 29, 3593
List the prime factors of 2667696.
2, 3, 149, 373
List the prime factors of 14368602.
2, 3, 107, 22381
What are the prime factors of 971687?
113, 8599
What are the prime factors of 111654?
2, 3, 6203
What are the prime factors of 505837?
19, 79, 337
What are the prime factors of 255996?
2, 3, 13, 547
List the prime factors of 7629896.
2, 167, 5711
List the prime factors of 262038.
2, 3, 7, 17, 367
List the prime factors of 76826.
2, 107, 359
What are the prime factors of 1266550?
2, 5, 73, 347
What are the prime factors of 6823260?
2, 3, 5, 37907
List the prime factors of 4411839.
3, 1470613
What are the prime factors of 223558?
2, 111779
List the prime factors of 6234129.
3, 11, 62971
What are the prime factors of 7976006?
2, 3988003
List the prime factors of 21366.
2, 3, 1187
What are the prime factors of 2950825?
5, 118033
What are the prime factors of 783007?
783007
List the prime factors of 231769.
53, 4373
What are the prime factors of 1068514?
2, 229, 2333
List the prime factors of 233870.
2, 5, 7, 13, 257
List the prime factors of 205935.
3, 5, 13729
List the prime factors of 226225.
5, 9049
What are the prime factors of 13099560?
2, 3, 5, 173, 631
List the prime factors of 3792481.
7, 11, 49253
What are the prime factors of 1643634?
2, 3, 127, 719
List the prime factors of 22087793.
7, 13, 18671
What are the prime factors of 10802968?
2, 11, 122761
What are the prime factors of 5475396?
2, 3, 456283
List the prime factors of 2787526.
2, 7, 199109
What are the prime factors of 12180904?
2, 59, 131, 197
What are the prime factors of 681925?
5, 27277
List the prime factors of 89737.
19, 4723
What are the prime factors of 544986?
2, 3, 13, 17, 137
What are the prime factors of 72170?
2, 5, 7, 1031
What are the prime factors of 14252529?
3, 31, 331, 463
List the prime factors of 677094.
2, 3, 11, 10259
What are the prime factors of 5999987?
7, 23, 83, 449
List the prime factors of 5516649.
3, 79, 7759
What are the prime factors of 182751?
3, 60917
What are the prime factors of 3039345?
3, 5, 17, 29, 137
List the prime factors of 14602061.
2351, 6211
List the prime factors of 18972960.
2, 3, 5, 29, 47
What are the prime factors of 5394036?
2, 3, 67, 6709
List the prime factors of 589817.
19, 37, 839
What are the prime factors of 36196720?
2, 5, 7, 109, 593
What are the prime factors of 119377?
19, 61, 103
What are the prime factors of 363880?
2, 5, 11, 827
List the prime factors of 1991050.
2, 5, 39821
What are the prime factors of 254851?
31, 8221
List the prime factors of 547234.
2, 273617
List the prime factors of 3399007.
3399007
What are the prime factors of 14564004?
2, 3, 7, 13, 13337
What are the prime factors of 5429919?
3, 11, 17, 9679
What are the prime factors of 858599?
7, 173, 709
What are the prime factors of 125243?
125243
List the prime factors of 243207.
3, 61, 443
List the prime factors of 8325778.
2, 4162889
List the prime factors of 527991.
3, 19, 59, 157
What are the prime factors of 21935622?
2, 3, 3655937
List the prime factors of 1349956.
2, 337489
List the prime factors of 1423747.
13, 109519
What are the prime factors of 816007?
359, 2273
List the prime factors of 3174683.
1753, 1811
What are the prime factors of 3788038?
2, 29, 241, 271
What are the prime factors of 384633?
3, 42737
List the prime factors of 95521.
59, 1619
List the prime factors of 274104.
2, 3, 47
What are the prime factors of 9284856?
2, 3, 7, 17, 3251
List the prime factors of 413412.
2, 3, 47, 733
What are the prime factors of 9019005?
3, 5, 601267
List the prime factors of 7705378.
2, 3852689
List the prime factors of 16292026.
2, 29, 280897
List the prime factors of 141517.
47, 3011
List the prime factors of 2099533.
331, 6343
What are the prime factors of 3593085?
3, 5, 239539
What are the prime factors of 203898?
2, 3, 17, 1999
What are the prime factors of 15642771?
3, 17, 41, 7481
What are the prime factors of 2760616?
2, 61, 5657
List the prime factors of 8449402.
2, 13, 324977
List the prime factors of 634000.
2, 5, 317
List the prime factors of 17430529.
653, 26693
List the prime factors of 447007.
11, 40637
List the prime factors of 422634.
2, 3, 70439
What are the prime factors of 1358875?
5, 7, 1553
What are the prime factors of 151992?
2, 3, 2111
What are the prime factors of 290723?
43, 6761
List the prime factors of 8321270.
2, 5, 73, 11399
What are the prime factors of 312417?
3, 7, 19, 29
What are the prime factors of 20311?
19, 1069
List the prime factors of 15266781.
3, 59, 28751
List the prime factors of 108372.
2, 3, 11, 821
List the prime factors of 68508.
2, 3, 11, 173
List the prime factors of 558804.
2, 3, 46567
What are the prime factors of 4454152?
2, 556769
What are the prime factors of 880527?
3, 29, 349
List the prime factors of 8639433.
3, 11, 19, 1531
What are the prime factors of 1094616?
2, 3, 23, 661
What are the prime factors of 33034113?
3, 7, 524351
What are the prime factors of 42900?
2, 3, 5, 11, 13
What are the prime factors of 447500?
2, 5, 179
List the prime factors of 586940.
2, 5, 29347
List the prime factors of 3166585.
5, 633317
List the prime factors of 10664722.
2, 59, 90379
What are the prime factors of 12700110?
2, 3, 5, 349, 1213
What are the prime factors of 726437?
739, 983
What are the prime factors of 168334?
2, 17, 4951
List the prime factors of 16160.
2, 5, 101
What are the prime factors of 3367062?
2, 3, 23, 2711
List the prime factors of 9063025.
5, 362521
List the prime factors of 28795758.
2, 3, 1667, 2879
List the prime factors of 14980205.
5, 2996041
List the prime factors of 224891.
224891
What are the prime factors of 2999395?
5, 7, 17, 71
What are the prime factors of 6925786?
2, 7, 494699
What are the prime factors of 12383376?
2, 3, 257987
List the prime factors of 592024.
2, 43, 1721
What are the prime factors of 2837692?
2, 11, 13, 41
What are the prime factors of 548421?
3, 31, 5897
What are the prime factors of 2470015?
5, 17, 29059
What are the prime factors of 551517?
3, 23, 7993
What are the prime factors of 386285?
5, 23, 3359
What are the prime factors of 33592703?
19, 1768037
List the prime factors of 69295.
5, 13859
List the prime factors of 1036535.
5, 207307
List the prime factors of 693538.
2, 19, 18251
What are the prime factors of 4364368?
2, 41, 6653
List the prime factors of 77867.
77867
List the prime factors of 474308.
2, 283, 419
List the prime factors of 2603806.
2, 1301903
What are the prime factors of 3071078?
2, 153